. What is the highest common divisor of 303 and h?
101
Let j be 1/(-4) - (-1557)/36. Suppose 77 = 15*o - j. Calculate the greatest common divisor of o and 488.
8
Let d = -7504 - -7512. Let z(p) = -p + 72. Let u be z(0). Calculate the greatest common divisor of u and d.
8
Let f = 121 - 128. Let j(p) = 5*p**2 - 4*p - 20. Let u be j(f). Calculate the greatest common divisor of 23 and u.
23
Let k be (-18)/(3/(-3)) - 2. Suppose -18*q + 25*q - 770 = 14. Calculate the greatest common divisor of k and q.
16
Let j be 2/(-7) - (-86)/7. Let h = -19306 + 19402. Calculate the highest common divisor of j and h.
12
Suppose -7*v = -4*v - 60. Suppose 5*u - 15 = 0, 4*i - 241 = u + 36. What is the highest common divisor of v and i?
10
Let j = 67 - 128. Let s = -87 - j. Let k = -15 - s. What is the highest common factor of k and 121?
11
Let h(w) = -10*w - 6. Let c be h(-7). Let k = -75 - -299. What is the highest common divisor of c and k?
32
Let f(b) = 53*b - 398. Let s be f(8). Let x(u) = -u + 10. Let v be x(-6). Let r = v - 3. Calculate the highest common factor of r and s.
13
Let o = 97 - 95. Suppose 4*v = 3*r + 75, 12*v = 13*v + o*r - 27. Let g be ((-14)/6)/((-4)/144). Calculate the highest common factor of v and g.
21
Let i = -55 + 108. Suppose -34*q + 2127 + 4127 = 25*q. Calculate the highest common factor of i and q.
53
Suppose 38*v - 1542 - 1270 = 0. What is the highest common divisor of v and 2627?
37
Suppose 149010 = 10*g - 5*l, -2*g + 27794 = -4*l - 1990. What is the greatest common factor of g and 23?
23
Let i be (624/(-28))/(6/(-63)). Calculate the highest common factor of 338 and i.
26
Let q(s) = -4*s**2 - 11*s + 5. Let z be q(-3). Suppose -23 + 63 = 5*o. Suppose o + 10 = 9*c. What is the highest common factor of z and c?
2
Suppose 3*n + 50 = 5*z - 34, n = 2*z - 33. Suppose -2*i - 388*a + 389*a + 513 = 0, -1032 = -4*i + 4*a. Calculate the highest common divisor of i and z.
15
Let c(m) = 13*m**2 + 295*m + 51. Let i be c(-26). Calculate the highest common factor of i and 14.
7
Suppose 2*i + 10004 = 4*f, 3*f + 758*i - 7496 = 756*i. What is the highest common factor of f and 400?
100
Let y(h) = -h**3 - 101*h**2 - 100*h + 156. Let d be y(-100). What is the highest common divisor of 1482 and d?
78
Suppose -1127*s + 1214*s - 196185 = 0. What is the greatest common divisor of 697 and s?
41
Let v(b) be the second derivative of 19/6*b**3 - 1/20*b**5 + 15*b - 5/3*b**4 - 17/2*b**2 + 0. Let i be v(-21). Calculate the highest common divisor of 5 and i.
5
Suppose -13 - 127 = -10*o. Suppose -106 = 5*s + y - 318, -4*y - 34 = -s. What is the highest common divisor of s and o?
14
Suppose 5*q = 3*x - 11 - 14, 0 = 3*q - 2*x + 16. Let u be 4*(-1563)/(-30) - q/(-5). What is the greatest common divisor of 78 and u?
26
Let l = 44 - 81. Let v = l - -61. Suppose 5*m = 52 - 12. What is the greatest common factor of m and v?
8
Let z = 2 + 26. Suppose 48 = -z*i + 36*i. Calculate the highest common divisor of 21 and i.
3
Suppose -357 = 3*i + 117. Let w be (-2 + i/3)/(2/(-15)). Let o = -149 + w. Calculate the highest common factor of o and 29.
29
Let o be 39858/(-1040)*-244 + (-3)/10. What is the greatest common divisor of o and 18?
9
Let q = 6373 - 4217. Calculate the highest common divisor of q and 33.
11
Let s be 49 + -18 + 16/1. What is the greatest common factor of 423 and s?
47
Let w = -79 + 194. Let c = w - 114. Calculate the highest common factor of c and 2.
1
Suppose -r + 27 = 5*j, -3*r - 8 = j - 19. Suppose 2*v = t + 4*v - 182, -j*v = t - 167. Calculate the highest common factor of t and 72.
24
Let t(l) = -58*l + 332. Let c be t(-71). What is the highest common divisor of 50 and c?
50
Let l = -6655 - -6667. What is the highest common factor of l and 327?
3
Suppose 154*y - 139*y = 315. What is the greatest common divisor of y and 6069?
21
Let k(x) = -x**2 + 38*x - 64. Let p be k(30). Suppose -17*t + 16*t = -p. What is the highest common divisor of 44 and t?
44
Let c be ((-4416)/240)/(-1*(-2)/(-50)). Let i = -320 + c. What is the highest common factor of 20 and i?
20
Let j be 110710/75 - 74/555. Calculate the greatest common factor of j and 820.
164
Let h(n) = -n**2 + 24*n - 1. Let z be h(17). Suppose 4*i + z = 6*i. Let g = 101 - i. Calculate the highest common factor of g and 63.
21
Suppose 5*y - 3453 = 2*j + 325, 5*j = -5*y + 3785. Calculate the highest common divisor of 60 and y.
12
Let v be ((-234432)/(-12))/11 + -25. Calculate the greatest common factor of 34 and v.
17
Let l = -208 - -303. Suppose -5*c + l = 5*y, 4*y + 26 = 2*c - 0*c. Calculate the highest common factor of c and 136.
17
Let z = -118395 + 118404. Let m = 22 - 13. Calculate the greatest common divisor of z and m.
9
Let t(b) = -13*b + 3. Let p be t(-3). Let v = 1471 - 1303. What is the greatest common factor of p and v?
42
Let x be (47236/6)/(18 - 10904/609). Calculate the greatest common factor of x and 343.
343
Let o = 32137 + -27177. Calculate the greatest common divisor of o and 2.
2
Let c be 13/390 - (-2995)/150. Suppose -283 = -3*f + 137. What is the highest common divisor of f and c?
20
Let h = 815 + -800. Calculate the highest common factor of h and 132.
3
Let d = -45 - -48. Let i be -4 - 1/(-1) - -10 - d. Let u be 92/(-6)*(2/i + -2). What is the highest common divisor of 138 and u?
23
Let f be (9 - -6 - -40)*1. Suppose -4*c + 2*u = c - 558, -5*u - 570 = -5*c. Calculate the greatest common factor of c and f.
55
Let w = 2482 - 1586. Let i = 1 - -1. Suppose -w = -i*x - 5*x. What is the greatest common factor of x and 16?
16
Let s = -31 - -51. Let r = -4 + s. Let z be (-45)/(-3)*(-32)/(-5). Calculate the highest common divisor of r and z.
16
Suppose i + 0*i = -3*b + 19, 0 = i - 2*b + 1. Let g be -816 - i - (-4)/1. Let c be (g/(-15) - 3)/((-4)/(-10)). What is the highest common divisor of c and 43?
43
Suppose 19 = 32*o + 19. Let z be (o - -1)/((-20)/(-2640)). Calculate the highest common divisor of 220 and z.
44
Suppose -6*l + 22*l + 48 = 0. Let j be (1 + 2)/1 - l. Calculate the highest common divisor of 3 and j.
3
Let a be (2 - 24/9)*(-378 + -12). Suppose 5*r = -4*y + a, -3*r - y - 208 = -7*r. What is the highest common factor of r and 8?
4
Suppose -x - 3*z + 237 = -172, -2*z = 2*x - 822. Let q be x/12 + 3/(-9). Calculate the greatest common factor of q and 102.
34
Suppose 7*x = 928 - 956. Let q be (-2)/3 - (-8)/3. Let d be (4 - q - x) + -4. Calculate the greatest common factor of d and 16.
2
Suppose 54 = 3*g - 0. Let u = -292 + 355. Calculate the highest common divisor of u and g.
9
Let o(p) = -p**3 + p**2 + p - 26. Let z be o(0). Let v = z - -48. Suppose 1385 = 36*a - 1783. What is the highest common factor of a and v?
22
Let r = 8841 + -8606. Calculate the greatest common divisor of r and 423.
47
Let b = 30 + -26. Suppose b*s - 6 = s, -4*j + 3*s = -134. Let o = j + -29. What is the greatest common divisor of 30 and o?
6
Let g be (-6625)/(-35) + (-2)/7. Suppose -3*u = -4*s + 247, -3*s + 2*u + g = u. Let a be 1/4 - 4/(s/(-2940)). Calculate the greatest common factor of 23 and a.
23
Let v = -45 + 47. Let y be -6 - (-29 + v + 3). Calculate the highest common divisor of 3 and y.
3
Suppose 0 = 59*q + 10*q + 99*q - 10080. Calculate the highest common factor of 570 and q.
30
Let i(b) = 1622*b - 632. Let t be i(1). Calculate the highest common factor of 144 and t.
18
Let p(a) = a**2 + 20*a - 36. Let q = 81 + 39. Suppose 0*t - 5*t - q = 0. Let d be p(t). Calculate the highest common factor of d and 15.
15
Let j = 182 - 187. Let b be (27/45)/(j/(-25)). Calculate the highest common factor of b and 27.
3
Let w = 15306 + -11770. What is the greatest common divisor of 39 and w?
13
Let o be (-1 + 0)/((-2)/6). Let u(h) = 5*h - 13. Let a be u(o). Suppose 0 = 5*s + 5, 1319 = 5*d - a*s + 3*s. What is the highest common factor of 33 and d?
33
Let h(k) = k**3 + 8*k**2 - 14*k - 16. Let w be h(-11). Let t = -181 - w. Calculate the greatest common factor of t and 154.
22
Suppose 0 = -892*f + 889*f - 4*n + 124, f = 4*n + 20. Calculate the greatest common factor of 324 and f.
36
Suppose 5*m - 135 = -3*f, 1135 - 1144 = -3*m. Calculate the highest common factor of f and 2456.
8
Suppose -16 = -r + 5*w, 8*r - 9*r - w = -46. Suppose 0 = -r*a + 29*a + 48. What is the greatest common divisor of a and 2?
2
Suppose -15*k + 27